) to base 15
-b8164
-182b1 (base 13) to base 5
-2442434
-182426 (base 9) to base 7
-651306
Convert -1100010110011000100111 (base 2) to base 8.
-14263047
What is 11c245 (base 13) in base 4?
1220021311
455007 (base 9) to base 6
5502141
What is 2327c (base 15) in base 13?
3bc4c
Convert -660469 (base 10) to base 7.
-5420365
486173 (base 9) to base 6
10141233
Convert 1522013 (base 6) to base 13.
31410
1320101202 (base 4) to base 11
307147
What is -211314 (base 15) in base 14?
-2cd5ac
What is -1173865 (base 16) in base 14?
-2604a21
10111011110100101 (base 2) to base 13
34a04
23753 (base 12) to base 3
2102110200
541715 (base 8) to base 15
38a4c
-87dfb0 (base 16) to base 14
-127b1a8
Convert 120031212203 (base 4) to base 6.
344013015
-600732 (base 8) to base 3
-101000100100
Convert -48361 (base 11) to base 9.
-115470
-239046 (base 11) to base 3
-201012121000
Convert -1010011101000001000100 (base 2) to base 15.
-391e12
11010111100111000010 (base 2) to base 3
1122212102211
What is 78190 (base 14) in base 12?
120616
What is -102222011 (base 3) in base 10?
-8725
-a8c217 (base 13) to base 4
-33020302030
Convert -5f782 (base 16) to base 11.
-247883
-19ea62 (base 16) to base 13
-476094
What is 16632103 (base 8) in base 2?
1110110011010001000011
226421 (base 11) to base 9
607583
What is -111000110110010010101 (base 2) in base 12?
-75a019
102400046 (base 7) to base 8
27112241
Convert 481436 (base 9) to base 2.
1000110101111101010
Convert -1176663 (base 14) to base 13.
-19665c4
3137550 (base 8) to base 2
11001011111101101000
Convert -37115 (base 8) to base 14.
-5b53
-2017346 (base 8) to base 4
-2001323212
-10120332130 (base 4) to base 12
-476024
What is 50abc5 (base 15) in base 4?
32213313011
-1363026 (base 7) to base 3
-100022202020
-2570001 (base 10) to base 13
-6bca15
Convert 323137 (base 13) to base 5.
300142212
What is 22320102221 (base 4) in base 7?
33145616
What is -20656 (base 11) in base 9?
-45220
Convert -1113302201 (base 4) to base 5.
-43001320
-78d7 (base 16) to base 8
-74327
Convert -a89705 (base 11) to base 13.
-48c283
What is -1020010122000 (base 3) in base 5?
-131332220
-221144204 (base 6) to base 10
-3979660
What is 7742854 (base 11) in base 15?
12d6c5c
What is -4a611a (base 11) in base 7?
-6534460
Convert 61a1e (base 15) to base 13.
aaaa4
What is 7316382 (base 11) in base 2?
110001001111001010011000
Convert -10338724 (base 10) to base 6.
-1005332244
20232201121 (base 4) to base 12
923aa1
-1245a5 (base 13) to base 15
-89c73
What is 42c0c (base 16) in base 7?
2216100
Convert -3560502 (base 10) to base 6.
-204151450
Convert 49a17 (base 12) to base 7.
564262
What is -4360011 (base 8) in base 7?
-12646231
What is -51542 (base 8) in base 14?
-7aca
What is 4ed78a (base 15) in base 14?
709c10
What is 272d7 (base 15) in base 14?
33a63
-88140 (base 12) to base 5
-21224104
14564084 (base 9) to base 2
11011101001001000000000
What is 11210212210000 (base 3) in base 2?
1001110000001000011001
What is -25131520 (base 6) in base 8?
-3044550
Convert -40011a (base 13) to base 14.
-2a9456
Convert 10100010101010110000 (base 2) to base 13.
1a436c
Convert 11110010100000100 (base 2) to base 15.
26bc9
Convert 251102 (base 8) to base 2.
10101001001000010
Convert 1997465 (base 10) to base 3.
10202111000012
Convert 41542000 (base 6) to base 5.
302222041
What is -2635502 (base 8) in base 5?
-142023231
Convert -10321032 (base 4) to base 11.
-14074
1748221 (base 15) to base 5
13313424411
What is 6525159 (base 10) in base 4?
120321003213
Convert 12a1a81 (base 11) to base 3.
11012221102002
Convert 30002415 (base 7) to base 12.
9b2343
-43313421 (base 5) to base 11
-232978
Convert -1020110122212 (base 3) to base 2.
-10100000110101010001
76349 (base 10) to base 8
225075
-413333200 (base 5) to base 13
-47653a
Convert -26b80 (base 13) to base 15.
-1662c
-12023003 (base 8) to base 5
-1133144141
Convert 2001143033 (base 5) to base 13.
a76ac8
Convert 10304212 (base 6) to base 13.
a8608
Convert -15310552 (base 6) to base 12.
-21b458
Convert 2313222233 (base 4) to base 8.
2675257
675376 (base 9) to base 8
1425322
Convert 86360a (base 11) to base 9.
2534315
Convert -221003013330 (base 4) to base 16.
-a431fc
What is 2656024 (base 7) in base 15?
6db81
Convert -8950055 (base 10) to base 8.
-42110447
Convert 18ad8b (base 15) to base 3.
2021000201012
-1155153503 (base 6) to base 7
-221641452
What is -13cb63 (base 14) in base 2?
-10101000000001110011
-118f0 (base 16) to base 14
-1c2d2
What is -710133 (base 8) in base 3?
-102212101111
613540 (base 9) to base 14
96671
57200434 (base 8) to base 11
6aa0255
What is 52645106 (base 7) in base 15?
5d306e
720466 (base 11) to base 10
1157195
What is 1001011001001100 (base 2) in base 9?
57701
Convert -11001000101100001101 (base 2) to base 15.
-11386e
Convert -100221122201220 (base 3) to base 10.
-5287974
Convert -3d9085 (base 14) to base 15.
-2c35cd
What is 1868bb (base 12) in base 6?
13045555
-30023020 (base 5) to base 10
-236010
What is 10011001111010101000100 (base 2) in base 10?
5043524
Convert -269443 (base 11) to base 14.
-add58
What is -3120113310 (base 4) in base 9?
-1600643
What is -6aa0290 (base 11) in base 13?
-2748c86
Convert -12332323303 (base 4) to base 13.
-4c1329
Convert 102200013 (base 4) to base 14.
1d891
What is -3000020210 (base 4) in base 13?
-21728c
Convert 23002304 (base 5) to base 3.
101100002100
Convert 475103 (base 8) to base 12.
79b6b
What is -111211032 (base 4) in base 15?
-1b2d3
What is 3315144 (base 6) in base 5?
20300421
What is 3666103 (base 10) in base 8?
15770267
What is -110100100101010100 (base 2) in base 11?
-137900
4502593 (base 10) to base 16
44b441
What is -3033034 (base 6) in base 11?
-99648
What is -24440320 (base 8) in base 11?
-3051aa5
Convert -110100000111101111 (base 2) to base 11.
-13643a
Convert -55241036 (base 8) to base 11.
-6783909
11000111100111 (base 2) to base 13
5a79
-233330101 (base 4) to base 9
-328327
Convert 3455815 (base 13) to base 3.
1010100000112011
What is 2cd4c (base 14) in base 6?
2224132
Convert -15904 (base 13) to base 2.
-1010000001101111
Convert -4887743 (base 9) to base 15.
-377103
69576 (base 14) to base 11
1655a9
Convert -ad6d53 (base 14) to base 3.
-102002120210112
Convert -796c (base 14) to base 11.
-14913
-4ca76 (base 14) to base 10
-188656
-8678 (base 10) to base 5
-234203
Convert -7704053 (base 8) to base 13.
-574788
What is 5c911 (base 13) in base 7?
1310452
Convert 38197e (base 16) to base 12.
1293766
1490c (base 14) to base 9
77163
-33653161 (base 8) to base 11
-4134076
-5332642 (base 8) to base 2
-101011011010110100010
-1532125 (base 7) to base 15
-421b1
Convert f464 (base 16) to base 12.
30258
663a4 (base 14) to base 12
bb410
What is -2131244332 (base 5) in base 11?
-2632176
What is 2102022001 (base 3) in base 13?
18889
Convert -1133331232 (base 4) to base 15.
-7b6ea
Convert -1116773 (base 8) to base 3.
-120101001221
Convert -220220011200 (base 3) to base 14.
-ca810
Convert -23212022210 (base 4) to base 15.
-400aa8
Convert -31bb3b3 (base 13) to base 5.
-12342100321
What is 200818 (base 10) in base 6?
4145414
Convert 3000206 (base 7) to base 16.
5631b
Convert -1111010111000100 (base 2) to base 7.
-351300
Convert 500236 (base 8) to base 2.
101000000010011110
Convert -21750 (base 11) to base 13.
-11463
Convert 1222201110000 (base 3) to base 5.
232313444
204673 (base 15) to base 16
17670c
1001001000101101001010 (base 2) to base 7
26233242
-1b7af (base 16) to base 6
-2225035
What is 1a6e0 (base 15) in base 11?
59623
Convert f965 (base 16) to base 2.
1111100101100101
What is -13416 (base 12) in base 4?
-12132102
101232202332 (base 4) to base 2
10001101110100010111110
What is 2c4333 (base 16) in base 5?
1220311122
Convert 235241455 (base 7) to base 10.
14632273
What is be73f (base 16) in base 9?
1418072
35452521 (base 6) to base 9
2073364
Convert 379c7 (base 14) to base 7.
1105440
What is 12a066 (base 12) in base 8?
1130716
What is -a9c726 (base 16) in base 11?
-630a610
-10220011002122 (base 3) to base 9
-3804078
110101000000010001010 (base 2) to base 12
6b914a
5225031 (base 6) to base 13
8ac2b
What is a1a538 (base 13) in base 10?
3764353
Convert 120100101200 (base 3) to base 16.
49c0e
Convert 288163 (base 12) to base 11.
4230a6
Convert 2022011100 (base 3) to base 16.
b103
W